 What is the units digit of w?
9
Let m = 261 - 253. What is the units digit of ((-2)/m)/((-1)/68)?
7
Let a be (-2)/(2*(0/4 + -1)). Let b(n) = 142*n**3 + 3*n**2 - 5*n + 3. What is the tens digit of b(a)?
4
Let o(i) = -8 - 13*i + 5*i - 785*i**3 + 11*i + 2*i**2 + 9. What is the hundreds digit of o(-1)?
7
Suppose 3*z = 2*y + 101585, -4*z + z - 3*y + 101580 = 0. What is the ten thousands digit of z?
3
Let q(b) = -b**3 + 12*b**2 - 19*b - 6. Let r be q(10). Suppose -r*d = -6*d + 174. What is the units digit of d?
7
Let p(l) = 5*l + 10. Let s be p(6). Let n = s + -55. What is the hundreds digit of 3786/15 - (-6)/n?
2
Let m be (-1)/(-12)*-2 - (-152)/48. Let s be (2775/(-10))/(m/(-4)). Suppose 2*a + 3*a = s. What is the units digit of a?
4
Suppose -336 = -6*u - 2*u. Suppose -g - u + 431 = 0. What is the units digit of g?
9
What is the tens digit of 4 + 57/(-18) - 28190966/(-444)?
9
Suppose 57*p + 62*p = 14*p + 8083110. What is the ten thousands digit of p?
7
Let b(a) = 90*a + 37. Let z be b(5). Let i = -90 + z. What is the tens digit of i?
9
Let f(o) be the first derivative of o**2/2 + 8*o + 23. Let a be f(-5). Suppose 0 = -5*i + 5*y + 1308 - 98, -a*i + 2*y = -729. What is the hundreds digit of i?
2
Suppose -4*t + 50970 = 3*i, -5*i = -40*t + 44*t - 50974. What is the hundreds digit of t?
7
Suppose -2*c = 18 - 50. Let j(s) = 24*s - 31. What is the units digit of j(c)?
3
Let n(h) = -369*h**3 - 6*h**2 + h + 6. What is the units digit of n(-3)?
2
Suppose -151 = 3*p - 5*l, 4*l = 5*p + 5*l + 233. Let o be (6 + 2)/(-2*1/p). What is the units digit of ((-2)/(-4))/(2/o)?
7
Let f(c) = -9*c - 6*c + 9*c + 7 + 369*c**2 - 1. What is the hundreds digit of f(1)?
3
Let x(m) be the third derivative of -m**6/120 + 7*m**5/15 - 11*m**4/8 + 25*m**3/6 + 16*m**2. What is the tens digit of x(26)?
1
Let x = 347 + -326. Suppose -7518 = -x*k + 7*k. What is the tens digit of k?
3
Let m(h) = -3*h**3 - 88*h**2 + 2*h**3 + 79 - 2*h + 87*h**2. What is the tens digit of m(0)?
7
Let k = -3039 - -7960. What is the thousands digit of k?
4
Let m be (-15)/(-30) - (-6)/4. Let b be (-1896)/21 - m/(-7). Let g = 6 - b. What is the tens digit of g?
9
Let a(v) = 13*v**2 - 41*v + 2055. What is the hundreds digit of a(54)?
7
Suppose 3*b = 2*u - 229, 4*u - b - 146 = 307. What is the hundreds digit of u?
1
Let z(d) = -1505*d**3 - 5*d**2 + 27*d + 67. What is the units digit of z(-2)?
3
Let b = -81468 + 121215. What is the tens digit of b?
4
Let j(a) = 1016*a**2 + 145*a + 1. What is the tens digit of j(-5)?
7
Suppose -117*j = -5*f - 115*j + 57083, 4*f + 3*j - 45694 = 0. What is the thousands digit of f?
1
Let j(x) = -214*x - 14. Let m be j(-1). Let n = m + 178. What is the tens digit of n?
7
Suppose -431 = 2*s - 3*i, s = 5*s + 2*i + 838. Let k = -117 - s. What is the units digit of k?
4
Suppose 5*t - 57 = -3*b, -2*t = 26*b - 30*b + 102. Suppose 19*u - 16*u = 366. Let d = u - b. What is the units digit of d?
8
Let d be ((-2)/(-2))/(35/(-6265)). Let u = d - -413. What is the units digit of u?
4
Let r = -1806 + 3781. Suppose -12*f = -r - 7805. What is the units digit of f?
5
Suppose 46*w = 51*w + 5*n - 338465, 5*w + 4*n = 338465. What is the units digit of w?
3
Let l be 24/96 - (-3695)/4. Let s = l - 594. What is the hundreds digit of s?
3
Let i(z) = -z**3 + 4*z**2 + 9*z - 16. Suppose 442 = 2*v - 5*b, 5*b - 600 + 118 = -2*v. Suppose 0 = 236*u - v*u + 25. What is the hundreds digit of i(u)?
1
Let x(u) = -180*u + 2891. What is the tens digit of x(-16)?
7
Let b = -5 + -1. Let t be b + 6 + -2 + 2. Suppose 5*o = 8*i - 4*i + 238, -2*o + 5*i + 85 = t. What is the tens digit of o?
5
Suppose -4*g + x = -90207, 20*x = -5*g + 18*x + 112775. What is the thousands digit of g?
2
Let r be 6*((-10)/45)/(2/(-3)). Suppose r*v + 2*v = 1236. What is the tens digit of v?
0
Suppose 67*y - 182169 = 519254. What is the hundreds digit of y?
4
Let q = 3349 - -5735. What is the units digit of q?
4
Suppose 35*h - 48990 = 11525. Suppose -4*c + h = 225. What is the hundreds digit of c?
3
Let q(l) = 15*l - 10. Let r be q(1). Suppose -2*t = -3*o - 759, 0 = 2*t + t - r*o - 1140. What is the tens digit of t?
7
What is the hundreds digit of 15590 - ((-75)/60)/((-1)/4)?
5
Let m = -86 - -84. What is the hundreds digit of (15/m)/(3/(-142))?
3
Let u(v) = -v + 13. Let r be u(9). Let l = 78 - -3. Suppose 0 = 2*q - r*j - 90, 4*q + 5*j - l = 2*q. What is the tens digit of q?
4
Let w be (-6)/(-5) + 9/(-45). What is the units digit of w - 0 - 4 - -453?
0
Let f(r) = -r + 10. Let b be f(20). Let w(s) = 7*s**2 + 8*s + 6. Let y be w(b). Suppose -3*g + y = x, 2*g + 4*x - 434 = -0*g. What is the units digit of g?
7
What is the hundreds digit of 30569 + 45 - (4 - 4)?
6
Suppose -3*q + 54141 = -3*p, 16*p - 12*p - 72228 = -4*q. What is the hundreds digit of q?
0
Let j(z) = 171*z + 58. Let w be j(4). Let b = 1515 - w. What is the units digit of b?
3
Suppose -2*m = -5*m - 12, 0 = x + 5*m - 961. What is the tens digit of 1/(-4)*-8 + x?
8
Suppose -3*d + 2 + 1 = 0. Let s = d + 1. Suppose 0*c - g = -c + 66, -s*c + 135 = g. What is the tens digit of c?
6
Let x be (9/(-2))/(24/32). Let v(o) be the first derivative of o**4/4 + 8*o**3/3 - 5*o**2 - 9*o - 37. What is the tens digit of v(x)?
2
Let l be -143 - (-6 + 13) - 4. Let u = l - -247. What is the units digit of u?
3
What is the ten thousands digit of -1*779*28/((-392)/210)?
1
Suppose -2*p - 1710 = -6392. Let b = p - 1305. What is the tens digit of b?
3
Let g = 25281 - 10317. What is the thousands digit of g?
4
What is the ten thousands digit of ((-265)/106)/(5/(-100874))?
5
Let n(b) = -3552*b**3 + 2*b**2 - 3*b + 1. Let l be n(1). Let p be l/(-30) - (-2)/(-5). Suppose 16 + p = d. What is the units digit of d?
4
What is the tens digit of 1 + 6 + 0 + (-3 + 12745 - -8)?
5
Suppose 189*h - 185*h = 3*k + 95531, 23867 = h - 3*k. What is the tens digit of h?
8
Suppose -2*q = 2*s + s + 7, 13 = -2*q + 3*s. Let g be q + 6/(-9)*3. Let d(i) = 6*i**2 + 7*i - 18. What is the hundreds digit of d(g)?
2
Let w(j) be the first derivative of -3*j**2 - 26*j + 19. What is the hundreds digit of w(-33)?
1
Suppose -8*p + b + 291 = -10*p, 2*b + 138 = -p. Let s = 74 - 157. Let y = s - p. What is the units digit of y?
5
Let t(j) = 2*j**2 - 86*j + 1351. What is the hundreds digit of t(24)?
4
Suppose -5*s - t = -59703, 0 = -2*s + t + 13009 + 10882. What is the ten thousands digit of s?
1
Suppose 3*q + 23 = 68. Suppose 5*s - 5*z - 40 = 0, 4*z = z - q. Suppose s*k = 26 + 46. What is the units digit of k?
4
Let x(p) = 2367*p - 14188. Let t be x(6). Let k(m) = -21 + m**3 + m**3 + 30*m + 12*m**2 - 3*m**3. What is the units digit of k(t)?
7
Let f = 12817 - 9003. What is the hundreds digit of f?
8
Let k be (-3)/(-12)*(-48)/(-3). Suppose -j - 3*j + 1208 = -5*z, -k*z + 2*j - 964 = 0. What is the tens digit of (1 - -1)*z/(-8)?
6
Suppose 37*t = 32*t + 11220. Let r = -1464 + t. What is the units digit of r?
0
Suppose 3*i - 50 = 2*d - d, 2*i - 3*d - 24 = 0. Suppose 0 = 3*b - 12 - i. What is the units digit of (-9 + b)*(1 - 0)?
1
Let d be 2*2 - (9 - 11). Let b(i) = 44 + 4*i**2 - 23 - 22 + d*i. What is the units digit of b(4)?
7
Suppose -9*i + 2*i - 3892 = 0. Let o = i - -928. Suppose 1838 = 10*y - o. What is the hundreds digit of y?
2
Let x(d) = -201*d - 1129. What is the units digit of x(-41)?
2
Suppose 19*b - 27*b = -4064. Suppose 0 = 19*i - 17*i - b. What is the hundreds digit of i?
2
Let l be (-8*(-38)/(-12))/(5/(-15)). Suppose -15 = -t - l. Let p = 71 + t. What is the tens digit of p?
1
Let w(g) = g**2 + 16*g - 8. Let o be (-2610)/126 + 4/(-14). Let z = 4 + o. What is the units digit of w(z)?
9
Let b(m) = -m**2 + 22*m + 19. Let c be b(23). Let f(r) = -15*r**3 + 4*r**2 - 4. What is the tens digit of f(c)?
2
Let k be (2204/87)/(12/9). Suppose -k*j = 32*j - 34578. What is the units digit of j?
8
Let v = 35 - 57. What is the tens digit of (1/2*-2)/(v/9570)?
3
Suppose -5*j - 4869 = 3*y, 3*j - 3*y + 2907 = -0*y. Let g be 6*(-2 + 20/15). What is the tens digit of g/(-16) - j/16?
6
Let m be (-4)/34 + (-684)/(-323). Suppose -9*y = m*y - 2750. What is the tens digit of y?
5
Let j = 162008 - 112445. What is the units digit of j?
3
Let g = 18299 + -12839. What is the tens digit of g?
6
Suppose 2*d + 10 = 0, 25470 = 2*x - 2*d - 41646. What is the hundreds digit of 